mainder when 56 is divided by 29.
27
What is the remainder when 703 is divided by 174?
7
What is the remainder when 1871 is divided by 125?
121
What is the remainder when 479 is divided by 121?
116
What is the remainder when 4407 is divided by 63?
60
Calculate the remainder when 51 is divided by 15.
6
What is the remainder when 1259 is divided by 14?
13
What is the remainder when 286 is divided by 59?
50
Calculate the remainder when 664 is divided by 35.
34
What is the remainder when 985 is divided by 4?
1
What is the remainder when 15 is divided by 11?
4
Calculate the remainder when 31594 is divided by 12.
10
Calculate the remainder when 48 is divided by 9.
3
Calculate the remainder when 1117 is divided by 364.
25
Calculate the remainder when 1023 is divided by 337.
12
What is the remainder when 449 is divided by 37?
5
Calculate the remainder when 350 is divided by 24.
14
Calculate the remainder when 1649 is divided by 59.
56
What is the remainder when 412 is divided by 16?
12
What is the remainder when 327 is divided by 123?
81
What is the remainder when 211 is divided by 36?
31
What is the remainder when 79 is divided by 42?
37
What is the remainder when 376 is divided by 96?
88
Calculate the remainder when 1391 is divided by 179.
138
What is the remainder when 168 is divided by 130?
38
Calculate the remainder when 2751 is divided by 153.
150
Calculate the remainder when 183 is divided by 22.
7
What is the remainder when 4520 is divided by 12?
8
What is the remainder when 386 is divided by 125?
11
Calculate the remainder when 120 is divided by 116.
4
What is the remainder when 71 is divided by 15?
11
Calculate the remainder when 1230 is divided by 11.
9
What is the remainder when 1199 is divided by 226?
69
What is the remainder when 578 is divided by 26?
6
Calculate the remainder when 3583 is divided by 85.
13
What is the remainder when 36894 is divided by 235?
234
Calculate the remainder when 7342 is divided by 524.
6
What is the remainder when 225 is divided by 80?
65
What is the remainder when 5686 is divided by 36?
34
What is the remainder when 44 is divided by 19?
6
Calculate the remainder when 719 is divided by 30.
29
What is the remainder when 681 is divided by 36?
33
What is the remainder when 632 is divided by 129?
116
What is the remainder when 32 is divided by 21?
11
Calculate the remainder when 759 is divided by 229.
72
Calculate the remainder when 322 is divided by 65.
62
Calculate the remainder when 592 is divided by 18.
16
Calculate the remainder when 219 is divided by 95.
29
What is the remainder when 41 is divided by 25?
16
What is the remainder when 54 is divided by 20?
14
What is the remainder when 180 is divided by 72?
36
Calculate the remainder when 185 is divided by 83.
19
What is the remainder when 1888 is divided by 45?
43
Calculate the remainder when 1209 is divided by 299.
13
What is the remainder when 669 is divided by 28?
25
Calculate the remainder when 2278 is divided by 758.
4
What is the remainder when 296 is divided by 33?
32
What is the remainder when 139 is divided by 79?
60
Calculate the remainder when 383 is divided by 89.
27
Calculate the remainder when 1713 is divided by 143.
140
Calculate the remainder when 37 is divided by 4.
1
What is the remainder when 2990 is divided by 373?
6
What is the remainder when 24792 is divided by 29?
26
What is the remainder when 3511 is divided by 699?
16
Calculate the remainder when 28 is divided by 7.
0
What is the remainder when 111 is divided by 19?
16
What is the remainder when 807 is divided by 754?
53
What is the remainder when 86 is divided by 56?
30
What is the remainder when 22 is divided by 20?
2
What is the remainder when 294 is divided by 8?
6
What is the remainder when 15250 is divided by 164?
162
What is the remainder when 247 is divided by 8?
7
Calculate the remainder when 1089 is divided by 360.
9
What is the remainder when 158 is divided by 5?
3
Calculate the remainder when 160 is divided by 60.
40
Calculate the remainder when 2574 is divided by 8.
6
Calculate the remainder when 733 is divided by 226.
55
Calculate the remainder when 102 is divided by 20.
2
Calculate the remainder when 33 is divided by 26.
7
What is the remainder when 79 is divided by 16?
15
What is the remainder when 3282 is divided by 1630?
22
What is the remainder when 975 is divided by 236?
31
What is the remainder when 2312 is divided by 13?
11
What is the remainder when 577 is divided by 11?
5
Calculate the remainder when 72 is divided by 26.
20
What is the remainder when 1396 is divided by 28?
24
What is the remainder when 265 is divided by 54?
49
Calculate the remainder when 572 is divided by 12.
8
What is the remainder when 5409 is divided by 387?
378
Calculate the remainder when 1895 is divided by 13.
10
What is the remainder when 612 is divided by 139?
56
Calculate the remainder when 13438 is divided by 280.
278
What is the remainder when 41 is divided by 24?
17
What is the remainder when 1255 is divided by 158?
149
Calculate the remainder when 7869 is divided by 3922.
25
What is the remainder when 3434 is divided by 172?
166
What is the remainder when 97 is divided by 4?
1
Calculate the remainder when 741 is divided by 92.
5
Calculate the remainder when 1014 is divided by 25.
14
Calculate the remainder when 746 is divided by 18.
8
What is the remainder when 9791 is divided by 153?
152
Calculate the remainder when 119 is divided by 8.
7
What is the remainder when 17438 is divided by 153?
149
What is the remainder when 54 is divided by 33?
21
Calculate the remainder when 1931 is divided by 101.
12
What is the remainder when 10506 is divided by 74?
72
Calculate the remainder when 285 is divided by 24.
21
Calculate the remainder when 728 is divided by 8.
0
What is the remainder when 2480 is divided by 412?
8
Calculate the remainder when 2101 is divided by 303.
283
Calculate the remainder when 135 is divided by 23.
20
Calculate the remainder when 388 is divided by 131.
126
Calculate the remainder when 192 is divided by 65.
62
What is the remainder when 278 is divided by 90?
8
Calculate the remainder when 156 is divided by 27.
21
What is the remainder when 546 is divided by 98?
56
What is the remainder when 189 is divided by 86?
17
What is the remainder when 620 is divided by 78?
74
What is the remainder when 159 is divided by 6?
3
Calculate the remainder when 2962 is divided by 78.
76
Calculate the remainder when 2426 is divided by 29.
19
Calculate the remainder when 30949 is divided by 181.
179
Calculate the remainder when 794 is divided by 40.
34
Calculate the remainder when 175 is divided by 6.
1
Calculate the remainder when 459 is divided by 4.
3
Calculate the remainder when 450 is divided by 186.
78
What is the remainder when 1385 is divided by 34?
25
Calculate the remainder when 147 is divided by 13.
4
Calculate the remainder when 4943 is divided by 448.
15
What is the remainder when 39 is divided by 21?
18
What is the remainder when 431 is divided by 29?
25
What is the remainder when 483 is divided by 118?
11
What is the remainder when 95 is divided by 91?
4
Calculate the remainder when 398 is divided by 196.
6
Calculate the remainder when 2144 is divided by 113.
110
What is the remainder when 163 is divided by 48?
19
What is the remainder when 8907 is divided by 297?
294
What is the remainder when 262 is divided by 6?
4
What is the remainder when 97 is divided by 53?
44
Calculate the remainder when 20 is divided by 18.
2
What is the remainder when 10 is divided by 7?
3
Calculate the remainder when 798 is divided by 89.
86
Calculate the remainder when 437 is divided by 163.
111
What is the remainder when 151 is divided by 19?
18
What is the remainder when 126 is divided by 32?
30
What is the remainder when 2094 is divided by 131?
129
Calculate the remainder when 283 is divided by 15.
13
Calculate the remainder when 2088 is divided by 689.
21
What is the remainder when 51 is divided by 27?
24
What is the remainder when 36 is divided by 12?
0
What is the remainder when 114 is divided by 33?
15
What is the remainder when 239 is divided by 22?
19
What is the remainder when 179 is divided by 13?
10
What is the remainder when 442 is divided by 12?
10
What is the remainder wh